2) + 67.
-71
Evaluate -44 + (1 - -8 - -2 - (-74 + 89)) + 10.
-38
Calculate 28 - 42 - (-8 + -7 + 11 - -47).
-57
What is (-8 + 9 - -27) + -21 - (1 - 29)?
35
29 + 76 - (41 - -22)
42
What is the value of 14 + (13 + 3 - 22 - 17)?
-9
Calculate 2 + -29 + 0 - (-6 + (12 - 19)).
-14
Calculate (-3 - 33) + -17 + -3 + 4 + (-5 - -12).
-45
Calculate -37 + -39 + -6 + 164.
82
-2 + -2 + 5 + -1 - (145 + -72)
-73
Calculate (1 - -18 - (-2 - 2)) + 5 - -12.
40
What is the value of (-3 - (-3 - 0) - -3) + 1098 + -1098 - 103?
-100
What is the value of -1 + 17 + -2 + 22 - (-4 - 1)?
41
Evaluate 33 + -33 - ((-1 - -2 - 8) + 149 + -130).
-12
70 - (5 + 68 + -81)
78
What is the value of 133 + 5 - (-19 - (-22 - 22)) - (0 + -4)?
117
What is the value of (24 - -7) + (-219 + 32 - -35)?
-121
(-16 - (-13 + (28 - 16))) + -27
-42
-72 + 124 - (-10 - -9 - -8)
45
What is the value of -1 + 4 + -2 + -134 - (169 + -184)?
-118
Calculate (1 - -16) + (405 - 422) - -1 - (1 + 20).
-20
Calculate 18 + 16 + -14 + -36 + 14 - -11.
9
-1 - 0 - (2 - -3) - (-57 + 39 + 0)
12
What is the value of 9 + -1 - ((-5 + 51 - (21 - -2)) + 13)?
-28
What is (7 - (-3 + (-3 - 2))) + -7 + -4?
4
Calculate (14 + -29 - -20 - 0) + 1 - -65.
71
-49 + 1 + (11 - (-4 - -24))
-57
-1 + 10 + 29 + 36 + -40 + -29
5
What is (-292 - -285) + 34 + 7?
34
What is the value of 69 + (-107 - -76 - (-1 - 15) - -15)?
69
-32 + 83 - (3 - -1 - (0 + -9))
38
Calculate -18 + (-7 - (-1 + (-14 - -20))).
-30
Evaluate -12 - (-16 + 10 + (-12 - -16)).
-10
Calculate (13 - (6 - 4)) + (112 - 114) + 5.
14
What is 6 + -40 + 18 + (2 - -13)?
-1
What is the value of 1 - (14 - -1) - ((-751 - -747) + 1 + 0)?
-11
Calculate -2 + ((5 - 6) + 3 + 0 - (25 + -29)).
4
What is the value of -6 - (-88 + 87 - (2 - 24))?
-27
Calculate 10 - (4 + 3) - (-18 + 20 + -9).
10
What is the value of 14 + 7 + -3 + (-18 + -6 - 5)?
-11
Calculate (-16 - -1 - (118 + -141)) + (-2 + 79 - -3).
88
Calculate (-1 - (1 + 23)) + (-525 - -519) + -7 + 7.
-31
What is the value of 82 + (10 - -7 - 47)?
52
What is the value of 29 - ((566 - 571) + 0 + 15)?
19
What is the value of 68 - (-4 - -30) - 72?
-30
What is the value of -6 - (-102 + 73 - (-2 + (-4 - 18)))?
-1
69 - ((6 + -14 - -6) + (-4 - -16 - -1))
58
What is 262 + -211 - (38 + -2)?
15
What is the value of -111 + (15 - 11 - 0) - (-48 + 45)?
-104
57 + -30 - (10 + (-1 - 28))
46
-16 - (0 + -10 - (57 + 12 + -10))
53
What is (-19 - -14) + (17 - (-19 + 15))?
16
What is the value of -112 + (-11 - (1 + 6 - 6 - (25 + -7)))?
-106
What is 1 + -78 + -5464 + 5499?
-42
Evaluate (-338 - -306) + (4 - -85).
57
What is -6 + (6 + 1 - 3) + -36?
-38
Calculate 30 + (24 - 32 - -40) + -43.
19
What is the value of -1 + -14 - (-26 - (-2 + 0 + -13))?
-4
Calculate (4 - -27) + (7 - 16 - (161 + -175)).
36
Evaluate -10 + 11 + 21 + 24 + (-158 - 10).
-122
3 + 21 + -31 + -20
-27
Evaluate 55 + -41 + (-27 - -24) + -21.
-10
What is 25 - (-52 + 102 + 7)?
-32
What is (3 + -2 + 7 - (35 - (-9 + -31))) + -11?
-78
Calculate (-2999 - -3006) + (5 - (4 - (136 + 4))).
148
Evaluate (1 - 0 - 47) + (6 + (18 - 61) - -32).
-51
(51 - 202 - -174) + (0 - 34)
-11
(82 - (-108 + 224)) + -35
-69
-20 + 6 + 3 + -8 - (1 + 2)
-22
(17 + 9 - (0 - -7)) + -16 + -91
-88
What is 15 - (-64 - (10 + (18 - 12 - 15) + -14))?
66
(33 - (-10 - (5 - 8) - 0)) + -10
30
Calculate (-19 + 0 - 14) + 87.
54
Calculate -14 + (63 - (32 - -28)).
-11
Calculate -38 + (-5 - (-39 - -11)) - 21.
-36
-12 - (-22 + (-28 - -73) - (-91 + -6))
-132
16 + 6 + -19 - 10 - -54
47
-67 - (-17 + -29 + (21 - 6) - -11)
-47
14 + -32 + 11 - (3 + (-56 + 3 - 6))
49
(-39 - (-18 + -14 + 14)) + 2
-19
Evaluate (52 - 27) + 12 + -13 + (-1 - 5).
18
What is (6497 + -6485 - (22 - 1)) + (1 - (6 + 1))?
-15
Evaluate -20 + -3 + -1 + 4 + -1 + 161 + -170.
-30
What is -14 + 24 + (-45 - -8) + 18?
-9
What is the value of -10221 + 10230 + (2 - 4) + -85?
-78
Calculate (1 + 1 - -4) + 17 - (-30 - -22 - -11).
20
What is 40 + (56 - 7) - ((15 - (3 + -3)) + -5)?
79
What is 7 - ((-26 + -3 - 0) + (-383 - -393))?
26
Evaluate -2 - (0 - (-37 + (16 + 8 - 12))).
-27
Calculate 56 + ((-10 - 3) + -5 - (-66 - -62)).
42
What is -48 + (102 - 43) - 12?
-1
What is the value of -56 - (-6 - (6 + 70))?
26
(72 - 23) + -26 - 25
-2
-1 + 5 - (-14 + -3 + 21) - 57
-57
Evaluate -85 + (48 - -114) - 81.
-4
(32 - (-24 - -95)) + 11 - ((-1 - -7) + 0)
-34
Evaluate 124 + -29 + 10 + -79.
26
Calculate 15 + (-136 - -128) + (21 - -1).
29
11051 + -11111 - (0 - 23)
-37
Evaluate 29 + -182 + (-15 - -59).
-109
What is (-30 - -13) + -19 - (-6 - -4 - -4)?
-38
Calculate 13 - (16 - (38 + (-39 - -21))).
17
Evaluate (-2263 - -2270) + (-2 - (6 - 2)) - 93.
-92
What is the value of 1 + -8 + -11323 + 11347?
17
What is -168 + 83 - -82 - -58?
55
Evaluate (5 + -12 - (-21 + 14)) + -1 - -33.
32
What is the value of 2 - (-27 + (-244 - -162))?
111
What is -15 + 0 - (-83 + (-61 - -180))?
-51
85 + 9 - (74 + 35)
-15
Calculate 130 - -1 - (-212 - -283 - 19).
79
What is the value of 17 - (-24 - (-40 - 8))?
-7
Evaluate ((2 - -9) + 0 - -1 - 7) + -77 + 8.
-64
Calculate -14 - ((-1 - (-34 + 7) - -14) + -12).
-42
-7 + -21 + 1 + (-4 - -14 - (-24 + 32))
-25
42 + (-52 - (57 - -8))
-75
What is the value of 233 + -211 - (12 + 40)?
-30
Calculate -132 + -129 + 275 + (-35 - 1).
-22
1 - 7 - (2363 - 2403)
34
What is -107 + 58 + 98 - 41?
8
What is the value of -1274 - -1281 - (-1 - 18)?
26
What is (117 - 95) + (5 - (-16 + 4))?
39
Calculate (3 - -48) + (-47 - -62).
66
What is the value of 90 + -128 - (-36 - -8)?
-10
What is the value of -31 - (77 + -37 + -37) - -27?
-7
What is 117 + -93 - (-9 - (-9 - 0 - -3))?
27
Calculate 934 - 927 - (128 - (2 + -1)).
-120
What is the value of (-2 - -1 - -56) + (-190 - (154 + -333))?
44
What is 133 + -128 + (-13 - -50)?
42
58 + -40 + -40 + (-2 - -15) + -125
-134
-72 + -7 + -8 + (-9 - (0 - 5)) + 4
-87
What is the value of 98 + -20 + 11 + 7 - -12 - 12?
96
Calculate (10 - -2) + (-60 - (-43 + -7)).
2
What is the value of (-94 - -53) + ((6 - 1) + 9 - 1 - 4)?
-32
What is the value of -10 - ((-15 - -9) + (1 - -116) - (1 + -8))?
-128
What is the value of -68 - ((-174 - -186 - (1 + 15)) + -5 + 19)?
-78
What is -94 - (-61 - 29) - (34 + -1)?
-37
What is the value of (-2 - ((-7 - -7) + 9)) + (13 - -2) + -51?
-47
What is the value of -1 + -6 - (63 - (-9 + 85)) - (0 + 4)?
2
(-215 - -221) + -8 + -10
-12
What is (73 - (-51 + 42)) + -32?
50
Calculate 128 + -93 + -40 + -127.
-132
Calculate (-25 - -5) + 52 + -114.
-82
-1 - -14 - (1 + 13 + -596 + 578 + 12)
5
Calculate 6 + (-52 + 2 - (-25 - -17)) + 6.
-30
Calculate -50 + (1 + -8 - 0 - (-53 + (-21 - -75))).
-58
Calculate 31 + (-9 + -34 - 42).
-54
What is 4 - (-1 + 2 + -16 + 955 + -973)?
37
What is the value of -31 + 51 - (14 - -2)?
4
What is the value of (-80 + 112 - 45) + -44?
-57
What is the value of 0 + -16 - (-20 - (3 + -1 + -30))?
-24
Calculate 4 + (0 - 17 - -5 - (-104 - 0) - -3).
99
What is the value of 96 + (2 - -95) + -130?
63
Evaluate 13 - (7 - -2) - 0 - -38 - 7.
35
Calculate 23 + 0 - (103 - 92) - -19.
31
(2 - -2) + 15 + 43 + -43 + 6
25
Evaluate (-21 + 16 - -50) + 4 - (-12 + -1 + 3).
59
What is the value of 37 + (27 - 33 - -21 - 16)?
36
Evaluate 42 + -4 - (-583 - -638).
-17
Calculate -9703 - -9715 - (1 - (-70 - (-1 - 0))).
-58
Calculate (10 + -3 - 1 - 3) + -31 + -36.
-64
Calculate -45 - (62 + -17 + -14).
-76
-10 + 5 + -6 + (21 + -19 - -13)
4
Evaluate (-80 + -111 - -100) + 100.
9
Calculate -101 + 160 + -89 + 22.
-8
What is the value of -104 + 105 - (3 + -10 + (0 - (5 - 7)))?
6
Evaluate 186 + -315 - (-10 - 44).
-75
What is the value of 16 + 0 + 6 - (-9 - (31 - -70))?
132
What is the value of 12 + (-10 + 19 + -36 - -19) + 61?
65
Evaluate (1 + 1 - -99 - (90 + -107 + 22)) + -7.
89
What is 2 - 0 - (49 + -51) - (-3 - 3) - 7?
3
What is 62 + (-107 - -52) - -60?
67
Evaluate 45 - (43 - -9) - -62.
55
2 + 108 + 5 + 0 + -8 - (625 + -623)
105
Evaluate (6 - 9) + (138 - 136) - 32.
-33
(0 - -44) + (259 - 276)
27
What is the value of (-147 - -172) + (-13 - -8 - -11)?
31
-120 + 146 + (-22 - -2)
6
Evaluate 74 - (0 - (-57 - -4)).
21
(1148 + -1058 - (1 + 34)) + (0 - -8)
63
Evaluate 25 - 0 - (-36 + 60 + (12 - 33)).
22
What is the value of -9 + -14 + 35 + 8?
20
Calculate (0 - -21) + (100 - 57 - 52) + -6 - 111.
-105
Calculate -63 + (-50 - -109) - (-3 + 3 - -6).
-10
What is 27 + 0 - (-68 + (106 - 13) + -15 + 0)?
17
25 -